(j). What are the prime factors of h(6)?
2, 3, 17
Let b = 150 + -79. Suppose 6*c + b = 7*c. What are the prime factors of c?
71
Let v(j) be the first derivative of -6*j**2 + 22*j - 25. What are the prime factors of v(-4)?
2, 5, 7
Let j(f) = 8*f + 50. Let m be j(-5). Suppose m - 1 = 3*z, 0 = 4*v + 4*z - 200. List the prime factors of v.
47
Let l(j) = 19*j - 6. Let c = 17 + -13. Let q be l(c). Let n = -39 + q. What are the prime factors of n?
31
Let d(f) = -f - 1. Let x(h) = h**2 + h + 17. Let n(l) = 3*d(l) + x(l). Suppose 0 = 25*b - 32*b - 42. List the prime factors of n(b).
2, 31
Suppose 3*p - 223 = -130. List the prime factors of p.
31
Let p be (4 + (-4 - 0))/1. What are the prime factors of -74*(6/3 - (3 - p))?
2, 37
Suppose z + 3*p - 162 = -2*z, 3*p + 38 = z. Suppose -z = 3*d - 263. What are the prime factors of d?
71
Let n(l) = 4*l - 10. Let m be n(3). Suppose m*t = 3*x - 2*t - 26, 8 = 2*x + 2*t. What are the prime factors of x?
2, 3
Let h(d) = 7*d**3 - 3*d**2 + 11*d - 1. List the prime factors of h(2).
5, 13
Let q be 4 + -2 - (3 + 0). List the prime factors of q/3 + 340/30.
11
Let v(g) = -g**3 - 10*g**2 - 12*g + 1. Suppose -4*r = 4*t + 59 - 3, 4*r + 16 = 4*t. List the prime factors of v(r).
2, 7
Let c = -14 - -115. List the prime factors of c.
101
Let z(g) = -6*g**3 - 2*g**2 + 4*g + 10. Let w(b) = -2*b**2 + 8*b - 3. Let m be w(4). List the prime factors of z(m).
2, 71
Let p(o) = -o**3 + 40*o**2 + 22*o - 160. What are the prime factors of p(38)?
2, 3, 11
Let k be (10 + -9)/(2/36). Let o = k + -87. Let q = -35 - o. List the prime factors of q.
2, 17
Let g = -161 + 1031. What are the prime factors of g?
2, 3, 5, 29
Suppose 91*k - 90*k = -5*b + 18021, 4*b - 14436 = 4*k. List the prime factors of b.
5, 7, 103
Let t be 5 + 42 - (0 - -2). Suppose 4*o - 155 = 5*w, -o + 131 = -3*w + t. List the prime factors of (-305)/(-45) - 6/w.
7
Let p = 531 - 319. What are the prime factors of p?
2, 53
Suppose -3*k + 535 = 145. Let b = 259 - 59. Let n = b - k. List the prime factors of n.
2, 5, 7
Let s be (-45)/(-30)*(-8)/6. Let o be (s - -2)/(-4 - -5). Suppose 8*h - 10*h + 142 = o. What are the prime factors of h?
71
Let r(b) = -b + 13. Let c(q) = -2*q + 40. Let y(v) = 6*c(v) - 17*r(v). List the prime factors of y(10).
3, 23
Let h be 5*(324/10 - 0). Suppose 16*r - 42 = 38. Suppose r*f - h = -f. What are the prime factors of f?
3
Let v = -330 - -482. Suppose 3*q = 148 + v. What are the prime factors of q?
2, 5
Let p(q) = -4*q + 8. Let n be -3*3/(-9) - 14. Let f be p(n). Suppose 2*m + 16 - f = 0. List the prime factors of m.
2, 11
Let q(x) = -x**2 + 5 + 13 + 20*x + 7. What are the prime factors of q(18)?
61
Suppose 5450 = 4*o - 3*q, -8*o = -7*o + 5*q - 1351. What are the prime factors of o?
1361
Let i = 709 - 627. What are the prime factors of i?
2, 41
Suppose 33*k - 18 = 24*k. Suppose -3*x = 2*o + 2*o - 957, -5*o - k*x + 1198 = 0. What are the prime factors of o?
2, 3, 5
Suppose 3*z = r - 55, -6*r = -r - 2*z - 262. Let i = 5 - 2. Suppose -i*k - r = -5*k. List the prime factors of k.
2, 13
What are the prime factors of (-1 + (807 - -4))*(-3)/(-2)?
3, 5
Let v(g) = 4*g**2 - 4*g + 105. List the prime factors of v(-20).
3, 5, 7, 17
Let v(c) be the first derivative of -6 + 13/2*c**2 - c. List the prime factors of v(1).
2, 3
Let m = 803 + -480. Suppose -3*j + 5*f + m = 0, -j - j = f - 237. What are the prime factors of j?
2, 29
Let k(x) be the second derivative of 5*x**3/6 + 3*x**2/2 + 23*x. List the prime factors of k(15).
2, 3, 13
Let p(t) be the second derivative of 49*t**5/20 + t**3/6 - t**2 + t. Let l(y) = y**2 + 3*y - 9. Let r be l(2). List the prime factors of p(r).
2, 3
List the prime factors of ((-3)/(-10))/(1/10) - -1319.
2, 661
Suppose 5*g = -3*g + 2744. Let i = -241 + g. List the prime factors of i.
2, 3, 17
Let h(b) = -b**3 + b**2 + 10*b + 8. What are the prime factors of h(-8)?
2, 3, 7
Suppose z + p = 2317, -2*z - 4*p - p + 4634 = 0. List the prime factors of z.
7, 331
List the prime factors of 6 + (-48)/8 + 2657.
2657
Suppose 8*h = 5*h. Suppose h = 8*a - 7*a - 12. Let d(w) = 4*w - 22. List the prime factors of d(a).
2, 13
Let n = -34 + 42. Suppose -9*v = -35 + n. List the prime factors of v.
3
Let d be 42/8 - (-2)/(-8). Suppose d*x - x + 52 = 0. List the prime factors of 2/(-13) + (-483)/x.
37
Let y = -206 + 745. List the prime factors of y.
7, 11
Suppose -o + 5 = -2*j + 2, 0 = 2*o + 2*j - 24. Suppose b + 5 = o. Suppose l = b*l - 189. List the prime factors of l.
3, 7
What are the prime factors of (-716475)/(-350) - 3/42?
23, 89
Suppose 4*g = -12, -5*g + g + 138 = -x. Let v = -18 - x. List the prime factors of v.
2, 3, 11
List the prime factors of (-120)/16*(-1614)/15.
3, 269
Suppose 4*c - 3*s = -13, s = 2*c + 4*s + 29. Let j(d) = 2*d**2 + 8*d + 24. List the prime factors of j(c).
2, 3, 11
Let z(d) = 2*d**2 + 19*d - 8. Let i be z(-10). Suppose -i*k + 84 = 2*j, 3*j - 2*k - 3*k - 110 = 0. What are the prime factors of j?
2, 5
What are the prime factors of 30/70 - 26944/(-14)?
5, 7, 11
Suppose 4*q + j - 39 = 0, 3*q - 3*j + j - 43 = 0. Suppose 0 = q*x - 77 - 154. What are the prime factors of x?
3, 7
Let c(f) = 8*f**2 - 2*f - 2. Let x(m) = -m**2 - m. Let q(k) = c(k) + 5*x(k). What are the prime factors of q(-5)?
2, 3
Let q(r) = -84*r + 2. List the prime factors of q(-12).
2, 5, 101
Let b(p) = 402*p + 129. What are the prime factors of b(5)?
3, 23, 31
Suppose 2 + 7 = 3*o, 3*y + 5*o - 1800 = 0. Suppose y = k + 4*k. List the prime factors of k.
7, 17
Let x(b) = b**3 + 5*b**2 + 7*b + 3. Let v be x(-3). Suppose v = g + 6 - 8. Suppose -97 = -3*t - g*k, 5*t - 5*k = 3*t + 52. List the prime factors of t.
31
Let j(m) be the second derivative of -m**3/6 - 11*m**2/2 + 4*m. Let l be j(-6). Let q = 2 - l. List the prime factors of q.
7
Suppose 26*o - 24*o - 202 = 0. What are the prime factors of o + ((-9)/(-6))/((-3)/(-6))?
2, 13
Suppose -7*i + 1012 = -2348. Suppose -10*w + i = -5*w. What are the prime factors of w?
2, 3
Let c(y) be the first derivative of 2*y**3/3 - y**2 - 10*y + 3. List the prime factors of c(-5).
2, 5
Suppose n = -2*i + 303, 0*i + n + 301 = 2*i. List the prime factors of i.
151
Let i = -37 + 131. Suppose -k - i = -3*k. What are the prime factors of k?
47
Let v(p) = 26*p**2 + 3*p + 8. What are the prime factors of v(3)?
251
Let g(w) = w**2 + 8*w + 7. Let o = -9 + 0. What are the prime factors of g(o)?
2
Let i = 10 + -7. Let r(l) = -l**3 + 4*l**2 + l - 7. Let o be r(i). Suppose o*g - 270 = 2*w, 3*g - 2*w + 1 = 167. List the prime factors of g.
2, 13
Suppose -2*t - 3*x + 148 = 0, 5*x = -0*x + 20. Suppose u + 5*y = 5 + t, -4*y = u - 70. What are the prime factors of u?
2, 29
Let h(u) = 318*u - 57. What are the prime factors of h(3)?
3, 13, 23
Suppose 15*t - 1951 = -601. What are the prime factors of t?
2, 3, 5
Suppose -h + 48 = 3*h. Let i = h - 2. Suppose 0 = -g + 18 + i. What are the prime factors of g?
2, 7
Let m(s) = -s**2 + 9*s + 7. Let a be m(5). Let k = a - 24. List the prime factors of k.
3
Suppose 0 = -5*p + 4*w + 7, -4*w + 1 = p + 14. Let o(g) = -15*g**3 + g + 1. Let a be o(p). Suppose 2*k - 91 = -a. What are the prime factors of k?
2, 19
Suppose 0 - 30 = -i. Suppose -2*n = -40 - i. What are the prime factors of n?
5, 7
Suppose 0 = 15*l - 18*l. Suppose 0 = -n + 5*z - l*z + 54, 3*n - 194 = -z. List the prime factors of n.
2
Let y = -660 - -798. What are the prime factors of y?
2, 3, 23
List the prime factors of (56/112)/((-2)/(-2044)).
7, 73
List the prime factors of -3 + 181 + (-9)/3.
5, 7
Suppose -6*y = -7*y + 15. Suppose -y*o + 2805 = -4*o. What are the prime factors of o?
3, 5, 17
Let g be (-120)/28 + 4 + (-46)/(-14). Suppose 7*t = 2*t. Suppose g*c + t*c = 171. List the prime factors of c.
3, 19
Let d = -1200 + 2971. List the prime factors of d.
7, 11, 23
List the prime factors of (219/(-6))/(1/2)*-1.
73
Let l = 31 + -45. Let s = 30 + -13. Let g = s + l. List the prime factors of g.
3
Let s(j) = 6*j**2 - 3. Let f be s(-4). Suppose f = -5*q - 102. Let r = q - -93. What are the prime factors of r?
2, 3
Suppose 0 = 2*z + 3*z - 3555. Suppose 57 = -3*d + z. What are the prime factors of d?
2, 109
Let b = -4 + -54. Let m = b - -167. What are the prime factors of m?
109
Let h = -127 - -462. What are the prime factors of h?
5, 67
Suppose -3 - 7